ions digit of 231988167?
2
What is the hundreds digit of 2008139291?
2
What is the ten millions digit of 170712231?
7
What is the ten millions digit of 36798823?
3
What is the ten millions digit of 774452873?
7
What is the millions digit of 469265631?
9
What is the thousands digit of 5090159?
0
What is the tens digit of 76500559?
5
What is the ten millions digit of 69415103?
6
What is the ten millions digit of 200119248?
0
What is the tens digit of 117625391?
9
What is the ten thousands digit of 11514648?
1
What is the millions digit of 2526358880?
6
What is the units digit of 651552278?
8
What is the millions digit of 2052848175?
2
What is the hundred thousands digit of 230069226?
0
What is the hundreds digit of 328351967?
9
What is the thousands digit of 566565872?
5
What is the units digit of 1560953?
3
What is the thousands digit of 401892832?
2
What is the tens digit of 1746152884?
8
What is the tens digit of 2081420422?
2
What is the units digit of 30677958?
8
What is the hundreds digit of 4251265587?
5
What is the hundreds digit of 1660642591?
5
What is the hundreds digit of 7200601?
6
What is the ten millions digit of 286430866?
8
What is the millions digit of 1632416413?
2
What is the tens digit of 282840587?
8
What is the units digit of 4701031188?
8
What is the thousands digit of 129783542?
3
What is the hundred thousands digit of 1836030492?
0
What is the thousands digit of 13129258?
9
What is the thousands digit of 12439529?
9
What is the hundred thousands digit of 229877261?
8
What is the ten thousands digit of 220034685?
3
What is the ten millions digit of 160752586?
6
What is the hundred thousands digit of 1467334056?
3
What is the units digit of 18008541?
1
What is the hundred thousands digit of 33919593?
9
What is the thousands digit of 4588153777?
3
What is the thousands digit of 1300230833?
0
What is the hundreds digit of 34988920?
9
What is the millions digit of 2923768501?
3
What is the hundreds digit of 30316303?
3
What is the ten thousands digit of 226610379?
1
What is the tens digit of 192724168?
6
What is the hundred millions digit of 117823954?
1
What is the ten millions digit of 1641661517?
4
What is the millions digit of 631583907?
1
What is the millions digit of 79579338?
9
What is the units digit of 68600039?
9
What is the millions digit of 148790114?
8
What is the hundred millions digit of 2097867975?
0
What is the units digit of 471454722?
2
What is the tens digit of 183991651?
5
What is the hundred thousands digit of 2695775483?
7
What is the ten thousands digit of 148873582?
7
What is the hundred thousands digit of 5977518?
9
What is the ten millions digit of 296357911?
9
What is the ten thousands digit of 76162698?
6
What is the tens digit of 56405835?
3
What is the hundreds digit of 75051830?
8
What is the ten thousands digit of 684640646?
4
What is the hundred millions digit of 3669327048?
6
What is the millions digit of 53468545?
3
What is the units digit of 32698259?
9
What is the thousands digit of 560488025?
8
What is the units digit of 321521587?
7
What is the thousands digit of 44996358?
6
What is the units digit of 63633080?
0
What is the hundred thousands digit of 911101333?
1
What is the millions digit of 37179395?
7
What is the hundred thousands digit of 64406780?
4
What is the millions digit of 59044987?
9
What is the tens digit of 672473173?
7
What is the ten thousands digit of 16278786?
7
What is the millions digit of 50943418?
0
What is the units digit of 185973298?
8
What is the hundreds digit of 2479661514?
5
What is the hundred thousands digit of 73140438?
1
What is the hundred millions digit of 372857027?
3
What is the hundred thousands digit of 49159161?
1
What is the tens digit of 2063957866?
6
What is the millions digit of 346247366?
6
What is the hundred thousands digit of 32683225?
6
What is the ten millions digit of 1149545032?
4
What is the hundreds digit of 16858566?
5
What is the tens digit of 439364889?
8
What is the hundred thousands digit of 2408650881?
6
What is the units digit of 1885964372?
2
What is the units digit of 90768216?
6
What is the millions digit of 7056984578?
6
What is the ten millions digit of 31787922?
3
What is the hundreds digit of 17875229?
2
What is the hundred thousands digit of 143503423?
5
What is the millions digit of 74757311?
4
What is the hundred millions digit of 1916199464?
9
What is the hundred thousands digit of 5647843280?
8
What is the hundred millions digit of 116726952?
1
What is the ten millions digit of 653049637?
5
What is the tens digit of 559326806?
0
What is the thousands digit of 62712113?
2
What is the ten thousands digit of 141825653?
2
What is the millions digit of 35762765?
5
What is the ten thousands digit of 1038238583?
3
What is the millions digit of 25016042?
5
What is the units digit of 45529634?
4
What is the ten millions digit of 2657749906?
5
What is the millions digit of 37395040?
7
What is the units digit of 180897963?
3
What is the ten millions digit of 45704789?
4
What is the hundred thousands digit of 75615237?
6
What is the ten millions digit of 22007917?
2
What is the units digit of 951137150?
0
What is the hundreds digit of 99389122?
1
What is the tens digit of 216507773?
7
What is the ten thousands digit of 139624367?
2
What is the hundred millions digit of 173176924?
1
What is the thousands digit of 59501067?
1
What is the hundred thousands digit of 26281151?
2
What is the ten millions digit of 176679082?
7
What is the hundred millions digit of 2209422179?
2
What is the ten thousands digit of 15310001?
1
What is the thousands digit of 30414151?
4
What is the hundreds digit of 317503172?
1
What is the millions digit of 138478540?
8
What is the tens digit of 2228132674?
7
What is the hundreds digit of 45438525?
5
What is the hundreds digit of 1276775052?
0
What is the thousands digit of 1844428195?
8
What is the hundred millions digit of 247629281?
2
What is the units digit of 1476403875?
5
What is the units digit of 405853530?
0
What is the tens digit of 970647098?
9
What is the thousands digit of 8006786?
6
What is the thousands digit of 68083887?
3
What is the tens digit of 17624008?
0
What is the thousands digit of 83327567?
7
What is the thousands digit of 518254997?
4
What is the units digit of 369579482?
2
What is the hundred millions digit of 193355473?
1
What is the hundreds digit of 947107718?
7
What is the hundred thousands digit of 209009645?
0
What is the units digit of 491251291?
1
What is the hundred thousands digit of 200784414?
7
What is the hundreds digit of 640526405?
4
What is the tens digit of 6839227?
2
What is the millions digit of 363740309?
3
What is the hundreds digit of 1929709987?
9
What is the hundreds digit of 57197336?
3
What is the thousands digit of 5584595047?
5
What is the tens digit of 1451948170?
7
What is the ten millions digit of 1162602042?
6
What is the hundred millions digit of 109827790?
1
What is the tens digit of 149244237?
3
What is the ten thousands digit of 86834946?
3
What is the units digit of 165587599?
9
What is the units digit of 29319481?
1
What is the tens digit of 9451187?
8
What is the hundred millions digit of 1127355570?
1
What is the thousands digit of 2959745780?
5
What is the hundred thousands digit of 423985315?
9
What is the millions digit of 3800052670?
0
What is the ten millions digit of 260150214?
6
What is the hundred millions digit of 136427232?
1
What is the millions digit of 174170327?
4
What is the thousands digit of 2217358254?
8
What is the millions digit of 114058930?
4
What is the ten thousands digit of 13119870?
1
What is the hundreds digit of 102986302?
3
What is the tens digit of 816863410?
1
What is the tens digit of 179133922?
2
What is the ten thousands digit of 614154593?
5
What is the hundreds digit of 907526063?
0
What is the thousands digit of 42047769?
7
What is the thousands digit of 371780948?
0
What is the millions digit of 172772796?
2
What is the millions digit of 1793822602?
3
What is the billions digit of 1958395249?
1
What is the units digit of 29448020?
0
What is the tens digit of 177128344?
4
What is the tens digit of 162677887?
8
What is the millions digit of 940673790?
0
What is the thousands digit of 369499034?